s the hundred thousands digit of 1024905?
0
What is the thousands digit of 674602?
4
What is the hundred thousands digit of 7090989?
0
What is the tens digit of 193617?
1
What is the tens digit of 6438434?
3
What is the units digit of 314360?
0
What is the thousands digit of 348633?
8
What is the hundreds digit of 4426682?
6
What is the tens digit of 27574?
7
What is the units digit of 1684162?
2
What is the tens digit of 2987763?
6
What is the millions digit of 2818528?
2
What is the thousands digit of 1553683?
3
What is the ten thousands digit of 761259?
6
What is the units digit of 33504?
4
What is the hundred thousands digit of 8083673?
0
What is the tens digit of 8187?
8
What is the ten thousands digit of 282498?
8
What is the thousands digit of 782376?
2
What is the thousands digit of 14026201?
6
What is the tens digit of 2878319?
1
What is the units digit of 7625153?
3
What is the units digit of 10521850?
0
What is the tens digit of 2257228?
2
What is the thousands digit of 651026?
1
What is the tens digit of 983475?
7
What is the tens digit of 413355?
5
What is the hundred thousands digit of 2329897?
3
What is the units digit of 104705?
5
What is the tens digit of 282627?
2
What is the hundred thousands digit of 1713348?
7
What is the units digit of 1772989?
9
What is the thousands digit of 445404?
5
What is the thousands digit of 909074?
9
What is the millions digit of 1897036?
1
What is the hundred thousands digit of 389436?
3
What is the ten thousands digit of 170964?
7
What is the tens digit of 188457?
5
What is the tens digit of 24829825?
2
What is the tens digit of 715134?
3
What is the units digit of 163767?
7
What is the tens digit of 615331?
3
What is the hundreds digit of 438483?
4
What is the thousands digit of 8240890?
0
What is the tens digit of 8890458?
5
What is the ten thousands digit of 247834?
4
What is the units digit of 13098522?
2
What is the ten thousands digit of 1092126?
9
What is the hundred thousands digit of 5964332?
9
What is the thousands digit of 1008189?
8
What is the thousands digit of 82419?
2
What is the tens digit of 1407080?
8
What is the hundreds digit of 1153207?
2
What is the millions digit of 22932169?
2
What is the tens digit of 192165?
6
What is the tens digit of 61178?
7
What is the hundreds digit of 1276730?
7
What is the units digit of 129770?
0
What is the millions digit of 4491099?
4
What is the thousands digit of 16551143?
1
What is the thousands digit of 1378386?
8
What is the hundreds digit of 5007515?
5
What is the hundreds digit of 387800?
8
What is the hundred thousands digit of 732492?
7
What is the ten thousands digit of 20769014?
6
What is the hundred thousands digit of 342934?
3
What is the tens digit of 12619?
1
What is the hundred thousands digit of 636059?
6
What is the tens digit of 265263?
6
What is the ten thousands digit of 192778?
9
What is the ten thousands digit of 121162?
2
What is the units digit of 981514?
4
What is the hundred thousands digit of 594428?
5
What is the thousands digit of 5439656?
9
What is the ten thousands digit of 80264?
8
What is the tens digit of 81058?
5
What is the thousands digit of 37071?
7
What is the thousands digit of 567492?
7
What is the ten thousands digit of 444494?
4
What is the thousands digit of 3832490?
2
What is the hundred thousands digit of 1227545?
2
What is the hundreds digit of 405806?
8
What is the ten thousands digit of 465839?
6
What is the ten millions digit of 10746788?
1
What is the hundred thousands digit of 203051?
2
What is the hundreds digit of 492227?
2
What is the millions digit of 5166944?
5
What is the units digit of 13463742?
2
What is the hundreds digit of 25576471?
4
What is the thousands digit of 66932?
6
What is the units digit of 326038?
8
What is the ten thousands digit of 1046896?
4
What is the units digit of 37472?
2
What is the units digit of 3313592?
2
What is the hundreds digit of 421102?
1
What is the hundred thousands digit of 2479210?
4
What is the hundreds digit of 33335?
3
What is the thousands digit of 24011008?
1
What is the ten thousands digit of 1316632?
1
What is the hundred thousands digit of 1451983?
4
What is the ten thousands digit of 318062?
1
What is the thousands digit of 292112?
2
What is the thousands digit of 17715231?
5
What is the units digit of 268797?
7
What is the millions digit of 7612790?
7
What is the thousands digit of 142600?
2
What is the hundred thousands digit of 1628208?
6
What is the thousands digit of 3802421?
2
What is the millions digit of 6794960?
6
What is the tens digit of 1475691?
9
What is the tens digit of 3669991?
9
What is the tens digit of 68756?
5
What is the tens digit of 872324?
2
What is the tens digit of 359687?
8
What is the thousands digit of 212640?
2
What is the thousands digit of 719686?
9
What is the hundred thousands digit of 1192282?
1
What is the tens digit of 10075420?
2
What is the tens digit of 1279586?
8
What is the hundreds digit of 302863?
8
What is the ten thousands digit of 1622906?
2
What is the tens digit of 756229?
2
What is the millions digit of 1006056?
1
What is the hundreds digit of 2278877?
8
What is the hundreds digit of 432690?
6
What is the tens digit of 4590443?
4
What is the units digit of 98949?
9
What is the ten millions digit of 10498885?
1
What is the tens digit of 441576?
7
What is the ten millions digit of 39846133?
3
What is the tens digit of 375756?
5
What is the millions digit of 2770000?
2
What is the millions digit of 4717040?
4
What is the tens digit of 2675848?
4
What is the ten thousands digit of 794895?
9
What is the tens digit of 2325211?
1
What is the hundreds digit of 9891214?
2
What is the ten thousands digit of 1129609?
2
What is the units digit of 1236737?
7
What is the thousands digit of 404570?
4
What is the units digit of 831929?
9
What is the thousands digit of 406896?
6
What is the units digit of 658996?
6
What is the tens digit of 232742?
4
What is the ten thousands digit of 5244293?
4
What is the thousands digit of 721736?
1
What is the hundreds digit of 1553922?
9
What is the hundred thousands digit of 340307?
3
What is the tens digit of 2864299?
9
What is the hundred thousands digit of 931679?
9
What is the tens digit of 470198?
9
What is the thousands digit of 86970?
6
What is the hundreds digit of 8208?
2
What is the hundred thousands digit of 4188587?
1
What is the hundreds digit of 307108?
1
What is the hundred thousands digit of 4655025?
6
What is the thousands digit of 329992?
9
What is the hundred thousands digit of 21096404?
0
What is the tens digit of 169802?
0
What is the ten thousands digit of 1245795?
4
What is the tens digit of 3697978?
7
What is the tens digit of 3092040?
4
What is the ten thousands digit of 2151614?
5
What is the units digit of 812981?
1
What is the units digit of 369897?
7
What is the tens digit of 461510?
1
What is the hundreds digit of 2906068?
0
What is the hundred thousands digit of 2377792?
3
What is the hundreds digit of 953168?
1
What is the ten thousands digit of 69576?
6
What is the thousands digit of 1559148?
9
What is the units digit of 19288832?
2
What is the tens digit of 488589?
8
What is the hundreds digit of 143231?
2
What is the ten thousands digit of 1903988?
0
What is the hundreds digit of 234768?
7
What is the hundred thousands digit of 309009?
3
What is the thousands digit of 705258?
5
What is the tens digit of 190116?
1
What is the ten thousands digit of 4124033?
2
What is the units digit of 1798583?
3
What is the ten thousands digit of 860366?
6
What is the hundreds digit of 15359562?
5
What is the hundreds digit of 5231?
2
What is the hundreds digit of 5904693?
6
What is the hundreds digit of 21094512?
5
What is the tens digit of 211449?
4
What is the ten thousands digit of 254155?
5
What is the tens digit of 161132?
3
What is the tens digit of 493650?
5
What is the hundred thousands digit of 7655636?
6
What is the ten thousands digit of 533573?
3
What is the ten thousands digit of 7427063?
2
What is the millions digit of 6643765?
6
What is the tens digit of 4888321?
2
What is the hundreds digit of 45919?
9
What is the hundreds digit of 390233?
2
What is the tens digit of 491624?
2
What is the tens digit of 186268?
6
What is the h